{"id":281,"date":"2025-10-02T04:53:14","date_gmt":"2025-10-02T04:53:14","guid":{"rendered":"https:\/\/insigniamarketing.mx\/?page_id=281"},"modified":"2025-10-02T05:45:16","modified_gmt":"2025-10-02T05:45:16","slug":"diseno","status":"publish","type":"page","link":"https:\/\/insigniamarketing.mx\/index.php\/servicios\/diseno\/","title":{"rendered":"Dise\u00f1o"},"content":{"rendered":"\n<div>\n<div class=\"div-title\">\n<h2 class=\"wp-block-heading alignwide has-text-align-left\"><strong>Identidad Corporativa.<\/strong><\/h2>\n<\/div>\n\n\n\n<div class=\"gb-element-b77c82cb div-grid\">\n<div class=\"div-lista\">\n<ul style=\"font-size:31px\" class=\"wp-block-list center-lista has-global-color-9-color has-text-color has-link-color wp-elements-2dfbb2bd4f7ed770094996f51606717d\">\n<li class=\"has-global-color-9-color has-text-color has-link-color wp-elements-28eaa5891dfa260351815568e932d42a\">Dise\u00f1o de logotipo<\/li>\n\n\n\n<li class=\"has-global-color-9-color has-text-color has-link-color wp-elements-6545911e04e3cf8a0886509ad45e1c1b\">Redise\u00f1o de logotipo<\/li>\n\n\n\n<li class=\"has-global-color-9-color has-text-color has-link-color wp-elements-420603b9ec7b72fb2e65f2baa3175f0d\">Manual de identidad visual con paleta de colores y tipografia<\/li>\n<\/ul>\n<\/div>\n\n\n\n<div>\n<figure class=\"wp-block-image size-full\"><img loading=\"lazy\" decoding=\"async\" width=\"517\" height=\"403\" src=\"https:\/\/insigniamarketing.mx\/wp-content\/uploads\/2025\/10\/Captura-de-Pantalla-2025-10-01-a-las-22.59.07.png\" alt=\"\" class=\"wp-image-290\" srcset=\"https:\/\/insigniamarketing.mx\/wp-content\/uploads\/2025\/10\/Captura-de-Pantalla-2025-10-01-a-las-22.59.07.png 517w, https:\/\/insigniamarketing.mx\/wp-content\/uploads\/2025\/10\/Captura-de-Pantalla-2025-10-01-a-las-22.59.07-300x234.png 300w\" sizes=\"auto, (max-width: 517px) 100vw, 517px\" \/><\/figure>\n<\/div>\n<\/div>\n\n\n\n<div class=\"div-title\">\n<h2 class=\"wp-block-heading alignwide has-text-align-left\"><strong>Papeler\u00eda Corporativa.<\/strong><\/h2>\n<\/div>\n\n\n\n<div class=\"gb-element-64b5bb38 div-grid\">\n<div class=\"div-lista\">\n<ul style=\"font-size:31px\" class=\"wp-block-list center-lista has-global-color-9-color has-text-color has-link-color wp-elements-33ed5897c3ea4dffad495a0a08be3422\">\n<li class=\"has-global-color-9-color has-text-color has-link-color wp-elements-1e336c6ab01f85dd7e314a5ded25b71b\">Tarjetas              <\/li>\n\n\n\n<li class=\"has-global-color-9-color has-text-color has-link-color wp-elements-e5958ed1fcdaf8675aa2087cda3bca77\">Sobre            <\/li>\n\n\n\n<li class=\"has-global-color-9-color has-text-color has-link-color wp-elements-005b001e1147261b35b2fb47e0408a10\">Hojas membretadas       <\/li>\n<\/ul>\n<\/div>\n\n\n\n<div>\n<figure class=\"wp-block-image size-full\"><img loading=\"lazy\" decoding=\"async\" width=\"547\" height=\"491\" src=\"https:\/\/insigniamarketing.mx\/wp-content\/uploads\/2025\/10\/Captura-de-Pantalla-2025-10-01-a-las-22.59.27.png\" alt=\"\" class=\"wp-image-305\" srcset=\"https:\/\/insigniamarketing.mx\/wp-content\/uploads\/2025\/10\/Captura-de-Pantalla-2025-10-01-a-las-22.59.27.png 547w, https:\/\/insigniamarketing.mx\/wp-content\/uploads\/2025\/10\/Captura-de-Pantalla-2025-10-01-a-las-22.59.27-300x269.png 300w\" sizes=\"auto, (max-width: 547px) 100vw, 547px\" \/><\/figure>\n<\/div>\n<\/div>\n\n\n\n<div class=\"div-title\">\n<h2 class=\"wp-block-heading alignwide has-text-align-left\"><strong>Dise\u00f1o para Redes Sociales<\/strong><\/h2>\n<\/div>\n\n\n\n<div class=\"gb-element-537caa39 div-grid\">\n<div class=\"div-lista\">\n<ul style=\"font-size:31px\" class=\"wp-block-list center-lista has-global-color-9-color has-text-color has-link-color wp-elements-b49431651327ed95ee8f9a4c41533c99\">\n<li class=\"has-global-color-9-color has-text-color has-link-color wp-elements-10f5c4b5f004bebe924dcd3b345cccdb\">Plantillas personalizadas (Instagram, Facebook, TikTok)              <\/li>\n\n\n\n<li class=\"has-global-color-9-color has-text-color has-link-color wp-elements-51c6cf6448a405f14c8701d22f86e12f\">Dise\u00f1o de publicaciones y stories            <\/li>\n\n\n\n<li class=\"has-global-color-9-color has-text-color has-link-color wp-elements-d1dd41ec05e99b618628ca93a2738902\">Portada de perfiles y destacados<\/li>\n\n\n\n<li>Banners para redes sociales<\/li>\n\n\n\n<li>Dise\u00f1o de promociones y anuncios gr\u00e1ficos<\/li>\n<\/ul>\n<\/div>\n\n\n\n<div>\n<figure class=\"wp-block-image size-full\"><img loading=\"lazy\" decoding=\"async\" width=\"596\" height=\"641\" src=\"https:\/\/insigniamarketing.mx\/wp-content\/uploads\/2025\/10\/Captura-de-Pantalla-2025-10-01-a-las-22.59.58.png\" alt=\"\" class=\"wp-image-311\" srcset=\"https:\/\/insigniamarketing.mx\/wp-content\/uploads\/2025\/10\/Captura-de-Pantalla-2025-10-01-a-las-22.59.58.png 596w, https:\/\/insigniamarketing.mx\/wp-content\/uploads\/2025\/10\/Captura-de-Pantalla-2025-10-01-a-las-22.59.58-279x300.png 279w\" sizes=\"auto, (max-width: 596px) 100vw, 596px\" \/><\/figure>\n<\/div>\n<\/div>\n\n\n\n<div class=\"div-title\">\n<h2 class=\"wp-block-heading alignwide has-text-align-left\"><strong>Dise\u00f1o Editorial<\/strong><\/h2>\n<\/div>\n\n\n\n<div class=\"gb-element-d26a2201 div-grid\">\n<div class=\"div-lista\">\n<ul style=\"font-size:31px\" class=\"wp-block-list center-lista has-global-color-9-color has-text-color has-link-color wp-elements-4e86f03a2f8f41dcc8f535721966bf9d\">\n<li class=\"has-global-color-9-color has-text-color has-link-color wp-elements-e11281ac15c18c53914a153f065bed53\">Flyers y volantes<\/li>\n\n\n\n<li class=\"has-global-color-9-color has-text-color has-link-color wp-elements-5b5463c655cf7738d1ba57b85fe29259\">Tr\u00edpticos y d\u00edpticos<\/li>\n\n\n\n<li class=\"has-global-color-9-color has-text-color has-link-color wp-elements-62da0469f7716946bf9217785007b9a9\">Cat\u00e1logos<\/li>\n\n\n\n<li>Revistas e infograf\u00edas<\/li>\n\n\n\n<li>Dise\u00f1o publicitario e impreso<\/li>\n\n\n\n<li>Carteles y posters<\/li>\n\n\n\n<li>Lonas publicitarias<\/li>\n\n\n\n<li>Etiquetas y stickers<\/li>\n\n\n\n<li>Dise\u00f1o para uniformes y camisetas<\/li>\n<\/ul>\n<\/div>\n\n\n\n<div>\n<figure class=\"wp-block-image size-full\"><img loading=\"lazy\" decoding=\"async\" width=\"562\" height=\"568\" src=\"https:\/\/insigniamarketing.mx\/wp-content\/uploads\/2025\/10\/Captura-de-Pantalla-2025-10-01-a-las-23.00.20.png\" alt=\"\" class=\"wp-image-314\" srcset=\"https:\/\/insigniamarketing.mx\/wp-content\/uploads\/2025\/10\/Captura-de-Pantalla-2025-10-01-a-las-23.00.20.png 562w, https:\/\/insigniamarketing.mx\/wp-content\/uploads\/2025\/10\/Captura-de-Pantalla-2025-10-01-a-las-23.00.20-297x300.png 297w\" sizes=\"auto, (max-width: 562px) 100vw, 562px\" \/><\/figure>\n<\/div>\n<\/div>\n\n\n\n<div class=\"div-title\">\n<h2 class=\"wp-block-heading alignwide has-text-align-left\"><strong>Dise\u00f1o Comercial<\/strong><\/h2>\n<\/div>\n\n\n\n<div class=\"gb-element-732f02b7 div-grid\">\n<div class=\"div-lista\">\n<ul style=\"font-size:31px\" class=\"wp-block-list center-lista has-global-color-9-color has-text-color has-link-color wp-elements-c15104dc07304ffa086a396a108d2a32\">\n<li class=\"has-global-color-9-color has-text-color has-link-color wp-elements-3b5fa9dec9539befa6a566b61bb79c89\">Men\u00fas de restaurante<\/li>\n\n\n\n<li class=\"has-global-color-9-color has-text-color has-link-color wp-elements-bb8f5a8425d4d78f8c638d6150e01bd0\">Se\u00f1al\u00e9tica<\/li>\n\n\n\n<li class=\"has-global-color-9-color has-text-color has-link-color wp-elements-9392b3412cfbaa94648568e59eaa1582\">Dise\u00f1o de promociones para punto de venta (POP)<\/li>\n<\/ul>\n<\/div>\n\n\n\n<div>\n<figure class=\"wp-block-image size-full\"><img loading=\"lazy\" decoding=\"async\" width=\"540\" height=\"489\" src=\"https:\/\/insigniamarketing.mx\/wp-content\/uploads\/2025\/10\/Captura-de-Pantalla-2025-10-01-a-las-23.00.44.png\" alt=\"\" class=\"wp-image-319\" srcset=\"https:\/\/insigniamarketing.mx\/wp-content\/uploads\/2025\/10\/Captura-de-Pantalla-2025-10-01-a-las-23.00.44.png 540w, https:\/\/insigniamarketing.mx\/wp-content\/uploads\/2025\/10\/Captura-de-Pantalla-2025-10-01-a-las-23.00.44-300x272.png 300w\" sizes=\"auto, (max-width: 540px) 100vw, 540px\" \/><\/figure>\n<\/div>\n<\/div>\n<\/div>\n","protected":false},"excerpt":{"rendered":"<p>Identidad Corporativa. Papeler\u00eda Corporativa. Dise\u00f1o para Redes Sociales Dise\u00f1o Editorial Dise\u00f1o Comercial<\/p>\n","protected":false},"author":1,"featured_media":0,"parent":279,"menu_order":0,"comment_status":"closed","ping_status":"closed","template":"","meta":{"footnotes":""},"class_list":["post-281","page","type-page","status-publish"],"_links":{"self":[{"href":"https:\/\/insigniamarketing.mx\/index.php\/wp-json\/wp\/v2\/pages\/281","targetHints":{"allow":["GET"]}}],"collection":[{"href":"https:\/\/insigniamarketing.mx\/index.php\/wp-json\/wp\/v2\/pages"}],"about":[{"href":"https:\/\/insigniamarketing.mx\/index.php\/wp-json\/wp\/v2\/types\/page"}],"author":[{"embeddable":true,"href":"https:\/\/insigniamarketing.mx\/index.php\/wp-json\/wp\/v2\/users\/1"}],"replies":[{"embeddable":true,"href":"https:\/\/insigniamarketing.mx\/index.php\/wp-json\/wp\/v2\/comments?post=281"}],"version-history":[{"count":15,"href":"https:\/\/insigniamarketing.mx\/index.php\/wp-json\/wp\/v2\/pages\/281\/revisions"}],"predecessor-version":[{"id":320,"href":"https:\/\/insigniamarketing.mx\/index.php\/wp-json\/wp\/v2\/pages\/281\/revisions\/320"}],"up":[{"embeddable":true,"href":"https:\/\/insigniamarketing.mx\/index.php\/wp-json\/wp\/v2\/pages\/279"}],"wp:attachment":[{"href":"https:\/\/insigniamarketing.mx\/index.php\/wp-json\/wp\/v2\/media?parent=281"}],"curies":[{"name":"wp","href":"https:\/\/api.w.org\/{rel}","templated":true}]}}